{"id":1083,"date":"2026-04-08T06:52:34","date_gmt":"2026-04-08T06:52:34","guid":{"rendered":"https:\/\/micron.ds.mt\/?page_id=1083"},"modified":"2026-04-08T07:17:25","modified_gmt":"2026-04-08T07:17:25","slug":"sponsoring","status":"publish","type":"page","link":"https:\/\/micron.ds.mt\/index.php\/sponsoring\/","title":{"rendered":"Sponsoring"},"content":{"rendered":"\t\t<div data-elementor-type=\"wp-post\" data-elementor-id=\"1083\" class=\"elementor elementor-1083\" data-elementor-post-type=\"page\">\n\t\t\t\t<div class=\"elementor-element elementor-element-494d532 e-flex e-con-boxed magic-button-disabled-no e-con e-parent\" data-id=\"494d532\" data-element_type=\"container\" data-e-type=\"container\" data-settings=\"{&quot;background_background&quot;:&quot;classic&quot;}\">\n\t\t\t\t\t<div class=\"e-con-inner\">\n\t\t<div class=\"elementor-element elementor-element-5ccff91 e-flex e-con-boxed magic-button-disabled-no e-con e-child\" data-id=\"5ccff91\" data-element_type=\"container\" data-e-type=\"container\">\n\t\t\t\t\t<div class=\"e-con-inner\">\n\t\t\t\t<div class=\"elementor-element elementor-element-dcb6f8f elementor-invisible elementor-widget elementor-widget-heading\" data-id=\"dcb6f8f\" data-element_type=\"widget\" data-e-type=\"widget\" data-settings=\"{&quot;_animation&quot;:&quot;fadeIn&quot;}\" data-widget_type=\"heading.default\">\n\t\t\t\t\t<h1 class=\"elementor-heading-title elementor-size-default\">Sponsoring<\/h1>\t\t\t\t<\/div>\n\t\t\t\t<div class=\"elementor-element elementor-element-27a1d68 elementor-invisible elementor-widget elementor-widget-heading\" data-id=\"27a1d68\" data-element_type=\"widget\" data-e-type=\"widget\" data-settings=\"{&quot;_animation&quot;:&quot;fadeIn&quot;}\" data-widget_type=\"heading.default\">\n\t\t\t\t\t<h5 class=\"elementor-heading-title elementor-size-default\">Wir unterst\u00fctzen Th\u00fcringer Spitzensportler*innen.<\/h5>\t\t\t\t<\/div>\n\t\t\t\t\t<\/div>\n\t\t\t\t<\/div>\n\t\t\t\t\t<\/div>\n\t\t\t\t<\/div>\n\t\t<div class=\"elementor-element elementor-element-73e3902 e-flex e-con-boxed magic-button-disabled-no e-con e-parent\" data-id=\"73e3902\" data-element_type=\"container\" data-e-type=\"container\" data-settings=\"{&quot;background_background&quot;:&quot;classic&quot;}\">\n\t\t\t\t\t<div class=\"e-con-inner\">\n\t\t\t\t\t<\/div>\n\t\t\t\t<\/div>\n\t\t<div class=\"elementor-element elementor-element-615c4aa e-flex e-con-boxed magic-button-disabled-no e-con e-parent\" data-id=\"615c4aa\" data-element_type=\"container\" data-e-type=\"container\" data-settings=\"{&quot;background_background&quot;:&quot;classic&quot;}\">\n\t\t\t\t\t<div class=\"e-con-inner\">\n\t\t<div class=\"elementor-element elementor-element-4b57487 e-flex e-con-boxed magic-button-disabled-no e-con e-child\" data-id=\"4b57487\" data-element_type=\"container\" data-e-type=\"container\">\n\t\t\t\t\t<div class=\"e-con-inner\">\n\t\t\t\t<div class=\"elementor-element elementor-element-660fb3e elementor-widget elementor-widget-text-editor\" data-id=\"660fb3e\" data-element_type=\"widget\" data-e-type=\"widget\" data-widget_type=\"text-editor.default\">\n\t\t\t\t\t\t\t\t\t<p>Merle Fr\u00e4bel \u2013 amtierende Vize-Weltmeisterin \u2013 ist eine der vielversprechendsten Rennrodlerinnen Deutschlands und ein echtes Ausnahmetalent aus unserer Region. Mit starken Leistungen auf internationaler B\u00fchne hat sich die Tochter von Dirk Fr\u00e4bel, Gesch\u00e4ftsf\u00fchrer der micron Computersysteme GmbH, fest in der Weltspitze etabliert.<\/p><p><strong>Ihre j\u00fcngsten Erfolge sprechen f\u00fcr sich:<\/strong><\/p><ul><li>\ud83e\udd47 Europameisterin 2026 in Oberhof \u2013 inklusive Weltcupsieg auf der Heimbahn<\/li><li>\ud83e\udd48 Vize-Weltmeisterin 2025 im Einsitzer<\/li><li>\ud83e\udd47 Dreifache U23-Weltmeisterin (2023, 2024, 2025)<\/li><li>\ud83e\udd47 Olympiasiegerin Jugendspiele 2020 \u2013 Gold im Einsitzer<\/li><li>\ud83e\udd47 Mehrere Weltcupsiege, darunter Erfolge in Oberhof und Altenberg<\/li><\/ul><p>\u00a0<\/p><p>Mit ihrem zweiten Platz im Gesamtweltcup 2025\/26 unterstreicht Merle eindrucksvoll ihre Position in der absoluten Weltelite. Im Spitzensport z\u00e4hlt Zuverl\u00e4ssigkeit, Pr\u00e4zision und Teamarbeit genauso wie in der IT. Als Unternehmen mit starken Wurzeln in Th\u00fcringen ist es f\u00fcr uns mehr als selbstverst\u00e4ndlich, Talente wie Merle auf ihrem Weg zu begleiten. Ihr Ehrgeiz, ihre Bodenst\u00e4ndigkeit und ihr Wille, immer das Beste herauszuholen, spiegeln genau die Werte wider, f\u00fcr die auch micron Computersysteme steht.<\/p><p><strong>Wir sind stolz darauf, Teil ihres Weges zu sein \u2013 von Th\u00fcringen in die Weltspitze.<\/strong><\/p>\t\t\t\t\t\t\t\t<\/div>\n\t\t\t\t\t<\/div>\n\t\t\t\t<\/div>\n\t\t\t\t\t<\/div>\n\t\t\t\t<\/div>\n\t\t<div class=\"elementor-element elementor-element-ea94be5 e-flex e-con-boxed magic-button-disabled-no e-con e-parent\" data-id=\"ea94be5\" data-element_type=\"container\" data-e-type=\"container\" data-settings=\"{&quot;background_background&quot;:&quot;slideshow&quot;,&quot;background_slideshow_gallery&quot;:[{&quot;id&quot;:1085,&quot;url&quot;:&quot;https:\\\/\\\/micron.ds.mt\\\/wp-content\\\/uploads\\\/2026\\\/04\\\/merle-fraebel-scaled.webp&quot;}],&quot;background_slideshow_loop&quot;:&quot;yes&quot;,&quot;background_slideshow_slide_duration&quot;:5000,&quot;background_slideshow_slide_transition&quot;:&quot;fade&quot;,&quot;background_slideshow_transition_duration&quot;:500}\">\n\t\t\t\t\t<div class=\"e-con-inner\">\n\t\t\t\t<div class=\"elementor-element elementor-element-9a9209a elementor-widget elementor-widget-spacer\" data-id=\"9a9209a\" data-element_type=\"widget\" data-e-type=\"widget\" data-widget_type=\"spacer.default\">\n\t\t\t\t\t\t\t<div class=\"elementor-spacer\">\n\t\t\t<div class=\"elementor-spacer-inner\"><\/div>\n\t\t<\/div>\n\t\t\t\t\t\t<\/div>\n\t\t\t\t\t<\/div>\n\t\t\t\t<\/div>\n\t\t\t\t<\/div>\n\t\t","protected":false},"excerpt":{"rendered":"<p>Sponsoring Wir unterst\u00fctzen Th\u00fcringer Spitzensportler*innen. Merle Fr\u00e4bel \u2013 amtierende Vize-Weltmeisterin \u2013 ist eine der vielversprechendsten Rennrodlerinnen Deutschlands und ein echtes Ausnahmetalent aus unserer Region. Mit starken Leistungen auf internationaler B\u00fchne hat sich die Tochter von Dirk Fr\u00e4bel, Gesch\u00e4ftsf\u00fchrer der micron Computersysteme GmbH, fest in der Weltspitze etabliert. Ihre j\u00fcngsten Erfolge sprechen f\u00fcr sich: \ud83e\udd47 Europameisterin [&hellip;]<\/p>\n","protected":false},"author":2,"featured_media":0,"parent":0,"menu_order":0,"comment_status":"closed","ping_status":"closed","template":"","meta":{"footnotes":""},"class_list":["post-1083","page","type-page","status-publish","hentry"],"yoast_head":"<!-- This site is optimized with the Yoast SEO plugin v27.3 - https:\/\/yoast.com\/product\/yoast-seo-wordpress\/ -->\n<title>Sponsoring - Micron IT-Systemhaus S\u00fcdth\u00fcringen | Verl\u00e4ssliche IT seit 30 Jahren<\/title>\n<meta name=\"description\" content=\"Ihr IT-Dienstleister f\u00fcr sichere, effiziente und skalierbare Unternehmens-IT. Micron bietet professionelle IT-Betreuung, Support und moderne L\u00f6sungen aus einer Hand.\" \/>\n<meta name=\"robots\" content=\"noindex, follow, max-snippet:-1, max-image-preview:large, max-video-preview:-1\" \/>\n<meta property=\"og:locale\" content=\"de_DE\" \/>\n<meta property=\"og:type\" content=\"article\" \/>\n<meta property=\"og:title\" content=\"Sponsoring - Micron IT-Systemhaus S\u00fcdth\u00fcringen | Verl\u00e4ssliche IT seit 30 Jahren\" \/>\n<meta property=\"og:description\" content=\"Ihr IT-Dienstleister f\u00fcr sichere, effiziente und skalierbare Unternehmens-IT. Micron bietet professionelle IT-Betreuung, Support und moderne L\u00f6sungen aus einer Hand.\" \/>\n<meta property=\"og:url\" content=\"https:\/\/micron.ds.mt\/index.php\/sponsoring\/\" \/>\n<meta property=\"og:site_name\" content=\"Micron IT-Systemhaus S\u00fcdth\u00fcringen | Verl\u00e4ssliche IT seit 30 Jahren\" \/>\n<meta property=\"article:modified_time\" content=\"2026-04-08T07:17:25+00:00\" \/>\n<meta name=\"twitter:card\" content=\"summary_large_image\" \/>\n<meta name=\"twitter:label1\" content=\"Gesch\u00e4tzte Lesezeit\" \/>\n\t<meta name=\"twitter:data1\" content=\"2\u00a0Minuten\" \/>\n<script type=\"application\/ld+json\" class=\"yoast-schema-graph\">{\"@context\":\"https:\\\/\\\/schema.org\",\"@graph\":[{\"@type\":\"WebPage\",\"@id\":\"https:\\\/\\\/micron.ds.mt\\\/index.php\\\/sponsoring\\\/\",\"url\":\"https:\\\/\\\/micron.ds.mt\\\/index.php\\\/sponsoring\\\/\",\"name\":\"Sponsoring - Micron IT-Systemhaus S\u00fcdth\u00fcringen | Verl\u00e4ssliche IT seit 30 Jahren\",\"isPartOf\":{\"@id\":\"https:\\\/\\\/micron.ds.mt\\\/#website\"},\"datePublished\":\"2026-04-08T06:52:34+00:00\",\"dateModified\":\"2026-04-08T07:17:25+00:00\",\"description\":\"Ihr IT-Dienstleister f\u00fcr sichere, effiziente und skalierbare Unternehmens-IT. Micron bietet professionelle IT-Betreuung, Support und moderne L\u00f6sungen aus einer Hand.\",\"breadcrumb\":{\"@id\":\"https:\\\/\\\/micron.ds.mt\\\/index.php\\\/sponsoring\\\/#breadcrumb\"},\"inLanguage\":\"de\",\"potentialAction\":[{\"@type\":\"ReadAction\",\"target\":[\"https:\\\/\\\/micron.ds.mt\\\/index.php\\\/sponsoring\\\/\"]}]},{\"@type\":\"BreadcrumbList\",\"@id\":\"https:\\\/\\\/micron.ds.mt\\\/index.php\\\/sponsoring\\\/#breadcrumb\",\"itemListElement\":[{\"@type\":\"ListItem\",\"position\":1,\"name\":\"Startseite\",\"item\":\"https:\\\/\\\/micron.ds.mt\\\/\"},{\"@type\":\"ListItem\",\"position\":2,\"name\":\"Sponsoring\"}]},{\"@type\":\"WebSite\",\"@id\":\"https:\\\/\\\/micron.ds.mt\\\/#website\",\"url\":\"https:\\\/\\\/micron.ds.mt\\\/\",\"name\":\"Micron IT-Systemhaus S\u00fcdth\u00fcringen | Verl\u00e4ssliche IT seit 30 Jahren\",\"description\":\"Micron ist Ihr regionaler IT-Partner in S\u00fcdth\u00fcringen: Infrastruktur, Sicherheit, Microsoft 365 und Support \u2013 verl\u00e4sslich, dokumentiert, jederzeit erreichbar.\",\"publisher\":{\"@id\":\"https:\\\/\\\/micron.ds.mt\\\/#organization\"},\"potentialAction\":[{\"@type\":\"SearchAction\",\"target\":{\"@type\":\"EntryPoint\",\"urlTemplate\":\"https:\\\/\\\/micron.ds.mt\\\/?s={search_term_string}\"},\"query-input\":{\"@type\":\"PropertyValueSpecification\",\"valueRequired\":true,\"valueName\":\"search_term_string\"}}],\"inLanguage\":\"de\"},{\"@type\":\"Organization\",\"@id\":\"https:\\\/\\\/micron.ds.mt\\\/#organization\",\"name\":\"Micron IT-Systemhaus S\u00fcdth\u00fcringen | Verl\u00e4ssliche IT seit 30 Jahren\",\"url\":\"https:\\\/\\\/micron.ds.mt\\\/\",\"logo\":{\"@type\":\"ImageObject\",\"inLanguage\":\"de\",\"@id\":\"https:\\\/\\\/micron.ds.mt\\\/#\\\/schema\\\/logo\\\/image\\\/\",\"url\":\"https:\\\/\\\/micron.ds.mt\\\/wp-content\\\/uploads\\\/2025\\\/10\\\/micron_4c_sw.webp\",\"contentUrl\":\"https:\\\/\\\/micron.ds.mt\\\/wp-content\\\/uploads\\\/2025\\\/10\\\/micron_4c_sw.webp\",\"width\":1096,\"height\":276,\"caption\":\"Micron IT-Systemhaus S\u00fcdth\u00fcringen | Verl\u00e4ssliche IT seit 30 Jahren\"},\"image\":{\"@id\":\"https:\\\/\\\/micron.ds.mt\\\/#\\\/schema\\\/logo\\\/image\\\/\"}}]}<\/script>\n<!-- \/ Yoast SEO plugin. -->","yoast_head_json":{"title":"Sponsoring - Micron IT-Systemhaus S\u00fcdth\u00fcringen | Verl\u00e4ssliche IT seit 30 Jahren","description":"Ihr IT-Dienstleister f\u00fcr sichere, effiziente und skalierbare Unternehmens-IT. Micron bietet professionelle IT-Betreuung, Support und moderne L\u00f6sungen aus einer Hand.","robots":{"index":"noindex","follow":"follow","max-snippet":"max-snippet:-1","max-image-preview":"max-image-preview:large","max-video-preview":"max-video-preview:-1"},"og_locale":"de_DE","og_type":"article","og_title":"Sponsoring - Micron IT-Systemhaus S\u00fcdth\u00fcringen | Verl\u00e4ssliche IT seit 30 Jahren","og_description":"Ihr IT-Dienstleister f\u00fcr sichere, effiziente und skalierbare Unternehmens-IT. Micron bietet professionelle IT-Betreuung, Support und moderne L\u00f6sungen aus einer Hand.","og_url":"https:\/\/micron.ds.mt\/index.php\/sponsoring\/","og_site_name":"Micron IT-Systemhaus S\u00fcdth\u00fcringen | Verl\u00e4ssliche IT seit 30 Jahren","article_modified_time":"2026-04-08T07:17:25+00:00","twitter_card":"summary_large_image","twitter_misc":{"Gesch\u00e4tzte Lesezeit":"2\u00a0Minuten"},"schema":{"@context":"https:\/\/schema.org","@graph":[{"@type":"WebPage","@id":"https:\/\/micron.ds.mt\/index.php\/sponsoring\/","url":"https:\/\/micron.ds.mt\/index.php\/sponsoring\/","name":"Sponsoring - Micron IT-Systemhaus S\u00fcdth\u00fcringen | Verl\u00e4ssliche IT seit 30 Jahren","isPartOf":{"@id":"https:\/\/micron.ds.mt\/#website"},"datePublished":"2026-04-08T06:52:34+00:00","dateModified":"2026-04-08T07:17:25+00:00","description":"Ihr IT-Dienstleister f\u00fcr sichere, effiziente und skalierbare Unternehmens-IT. Micron bietet professionelle IT-Betreuung, Support und moderne L\u00f6sungen aus einer Hand.","breadcrumb":{"@id":"https:\/\/micron.ds.mt\/index.php\/sponsoring\/#breadcrumb"},"inLanguage":"de","potentialAction":[{"@type":"ReadAction","target":["https:\/\/micron.ds.mt\/index.php\/sponsoring\/"]}]},{"@type":"BreadcrumbList","@id":"https:\/\/micron.ds.mt\/index.php\/sponsoring\/#breadcrumb","itemListElement":[{"@type":"ListItem","position":1,"name":"Startseite","item":"https:\/\/micron.ds.mt\/"},{"@type":"ListItem","position":2,"name":"Sponsoring"}]},{"@type":"WebSite","@id":"https:\/\/micron.ds.mt\/#website","url":"https:\/\/micron.ds.mt\/","name":"Micron IT-Systemhaus S\u00fcdth\u00fcringen | Verl\u00e4ssliche IT seit 30 Jahren","description":"Micron ist Ihr regionaler IT-Partner in S\u00fcdth\u00fcringen: Infrastruktur, Sicherheit, Microsoft 365 und Support \u2013 verl\u00e4sslich, dokumentiert, jederzeit erreichbar.","publisher":{"@id":"https:\/\/micron.ds.mt\/#organization"},"potentialAction":[{"@type":"SearchAction","target":{"@type":"EntryPoint","urlTemplate":"https:\/\/micron.ds.mt\/?s={search_term_string}"},"query-input":{"@type":"PropertyValueSpecification","valueRequired":true,"valueName":"search_term_string"}}],"inLanguage":"de"},{"@type":"Organization","@id":"https:\/\/micron.ds.mt\/#organization","name":"Micron IT-Systemhaus S\u00fcdth\u00fcringen | Verl\u00e4ssliche IT seit 30 Jahren","url":"https:\/\/micron.ds.mt\/","logo":{"@type":"ImageObject","inLanguage":"de","@id":"https:\/\/micron.ds.mt\/#\/schema\/logo\/image\/","url":"https:\/\/micron.ds.mt\/wp-content\/uploads\/2025\/10\/micron_4c_sw.webp","contentUrl":"https:\/\/micron.ds.mt\/wp-content\/uploads\/2025\/10\/micron_4c_sw.webp","width":1096,"height":276,"caption":"Micron IT-Systemhaus S\u00fcdth\u00fcringen | Verl\u00e4ssliche IT seit 30 Jahren"},"image":{"@id":"https:\/\/micron.ds.mt\/#\/schema\/logo\/image\/"}}]}},"_links":{"self":[{"href":"https:\/\/micron.ds.mt\/index.php\/wp-json\/wp\/v2\/pages\/1083","targetHints":{"allow":["GET"]}}],"collection":[{"href":"https:\/\/micron.ds.mt\/index.php\/wp-json\/wp\/v2\/pages"}],"about":[{"href":"https:\/\/micron.ds.mt\/index.php\/wp-json\/wp\/v2\/types\/page"}],"author":[{"embeddable":true,"href":"https:\/\/micron.ds.mt\/index.php\/wp-json\/wp\/v2\/users\/2"}],"replies":[{"embeddable":true,"href":"https:\/\/micron.ds.mt\/index.php\/wp-json\/wp\/v2\/comments?post=1083"}],"version-history":[{"count":10,"href":"https:\/\/micron.ds.mt\/index.php\/wp-json\/wp\/v2\/pages\/1083\/revisions"}],"predecessor-version":[{"id":1124,"href":"https:\/\/micron.ds.mt\/index.php\/wp-json\/wp\/v2\/pages\/1083\/revisions\/1124"}],"wp:attachment":[{"href":"https:\/\/micron.ds.mt\/index.php\/wp-json\/wp\/v2\/media?parent=1083"}],"curies":[{"name":"wp","href":"https:\/\/api.w.org\/{rel}","templated":true}]}}